2 - 1923*s + 68523. Give v(-1958).
-7
Let s(c) = c**3 - 23*c**2 - 418*c - 38. What is s(35)?
32
Let h(w) = -w**3 + 70*w**2 - 1036*w + 30. Determine h(21).
-117
Let a(k) = -k**3 + 10*k**2 - 120*k + 1513. Give a(11).
72
Let n(l) = -9156*l + 45259. Calculate n(5).
-521
Let i(y) = 6*y**2 - 711*y + 7975. Give i(106).
25
Let u(m) = m**2 - 58*m - 4761. Give u(-45).
-126
Let n(z) = 11*z**2 + 5638*z - 13915. Give n(-515).
-10
Let l(u) = -13927*u - 13921. What is l(-1)?
6
Let q(d) = -2*d**3 + 244*d**2 - 500*d + 2085. Determine q(120).
-315
Let k(m) = -2*m**3 + 9*m + 76. Determine k(7).
-547
Let j(i) = -375*i - 5992. Calculate j(-16).
8
Let x(r) = -19550*r - 97687. Give x(-5).
63
Let a(o) = 11*o**2 + 18*o - 57. Calculate a(7).
608
Let k(r) = -13*r**3 + 83*r**2 - 1721*r + 10146. Give k(6).
0
Let a(k) = -11*k**2 - 1725*k - 25846. Determine a(-140).
54
Let k(p) = -2*p**3 - 23*p**2 + 379*p + 9. Determine k(-21).
429
Let z(n) = -175*n - 66991. What is z(-383)?
34
Let r(p) = 2*p**3 + 21*p**2 - 131*p - 879. What is r(-11)?
441
Let t(a) = 27*a**3 + 81*a**2 + 8*a + 5. Give t(-3).
-19
Let y(i) = 3956*i**3 + 35603*i**2 - 3*i + 39. Determine y(-9).
-15
Let w(k) = -k**2 + 850*k - 12501. Calculate w(15).
24
Let f(m) = -m**2 - 40*m + 3789. What is f(-104)?
-2867
Let w(p) = -p**3 + 34*p**2 - 217*p - 135. Determine w(28).
-1507
Let t(m) = -5261*m + 710273. Give t(135).
38
Let o(i) = 11964*i - 213. Determine o(0).
-213
Let y(j) = 71*j + 5308. Calculate y(-79).
-301
Let b(t) = 2*t**2 + 1036*t + 107262. Calculate b(-143).
12
Let h(a) = 11*a**2 + 2800*a - 9822. Determine h(-258).
-18
Let s(q) = -2*q**3 + 243*q**2 + 11924*q - 160. Determine s(159).
-319
Let o(q) = 35*q**3 + 1387*q**2 - 522*q - 80. Calculate o(-40).
0
Let s(l) = -l**3 - 346*l**2 - 4637*l - 199. Calculate s(-14).
-353
Let k(q) = -13*q**3 - 184*q**2 - 541*q + 2. Give k(-10).
12
Let y(r) = -2*r**3 + 22*r**2 + 175*r - 2680. Give y(14).
-1406
Let r(p) = -p**3 - 236*p**2 + 263*p + 6159. What is r(-237)?
-3
Let z(p) = -168*p**2 + 2328*p + 69. What is z(14)?
-267
Let p(s) = 10357*s - 5292438. What is p(511)?
-11
Let p(m) = m**2 - 5245*m - 121136. What is p(-23)?
28
Let o(c) = 471*c**2 + 7*c + 1. What is o(-1)?
465
Let s(q) = -3*q**2 - 383*q + 4346. Give s(10).
216
Let l(o) = -o**3 + 67*o**2 - 255*o + 162. What is l(63)?
-27
Let j(o) = -2*o**2 - 383*o + 73948. Determine j(119).
49
Let a(g) = 2*g**3 + 45*g**2 - 66*g - 5. What is a(0)?
-5
Let d(w) = -49*w**2 - 30*w + 120. Determine d(-6).
-1464
Let u(g) = g**2 - 102*g + 70. Calculate u(102).
70
Let q(g) = -449*g**2 - 97*g + 7. What is q(1)?
-539
Let x(w) = -147523*w + 7523678. Give x(51).
5
Let r(n) = n**3 - 123*n**2 - 1923*n + 400. Calculate r(137).
-285
Let j(n) = 256436*n - 769299. Determine j(3).
9
Let y(b) = 1157*b**3 - 6*b**2 - 62*b - 58. What is y(-1)?
-1159
Let i(a) = 3*a**2 - 397*a + 12621. Calculate i(52).
89
Let m(f) = 21*f**3 - 199*f**2 + 298*f - 1866. What is m(9)?
6
Let i(p) = -p**3 - 4*p**2 + 698*p + 2105. Give i(-3).
2
Let m(g) = -103*g**2 + 10817*g - 228. What is m(105)?
-18
Let c(k) = 638*k**3 + 35*k**2 - 66*k. Calculate c(2).
5112
Let c(x) = -4*x**2 + 8*x + 11. Calculate c(5).
-49
Let x(s) = -860*s - 5140. Determine x(-6).
20
Let t(g) = -168307*g + 168300. Determine t(1).
-7
Let v(c) = 3*c**3 - 165*c**2 - 55*c + 1615. What is v(55)?
-1410
Let c(d) = d**3 + 695*d**2 + 4827*d + 477435. What is c(-689)?
-42
Let y(k) = 10117*k - 60572. What is y(6)?
130
Let b(m) = 642*m + 49767. Calculate b(-78).
-309
Let v(h) = 408*h - 8990. Calculate v(22).
-14
Let y(q) = 934*q - 402. Give y(1).
532
Let z(f) = 256*f + 67499. What is z(-241)?
5803
Let y(h) = -154*h + 2049. Calculate y(20).
-1031
Let n(m) = m**3 - 10*m**2 + 22*m - 129. Determine n(10).
91
Let s(x) = x**3 + x**2 - 2863*x - 242. Determine s(53).
-295
Let g(a) = -293*a - 12509. Calculate g(-43).
90
Let d(y) = 3*y**2 + 39*y + 124. What is d(-9)?
16
Let q(s) = -s**3 - 57*s**2 - 7131*s - 386152. Give q(-55).
3
Let g(v) = -25860*v - 7964872. Give g(-308).
8
Let z(c) = 1048*c**2 + 455*c - 1. Determine z(-1).
592
Let j(n) = -5*n**2 - 159*n - 1245. What is j(-19)?
-29
Let j(v) = 355*v - 73. Determine j(1).
282
Let s(r) = -18*r - 979. Determine s(-52).
-43
Let j(w) = 45351*w + 816598. Calculate j(-18).
280
Let b(n) = -2*n**3 + 33*n**2 - 39*n - 79. Determine b(14).
355
Let y(l) = -4*l**2 + 116*l + 1915. Calculate y(-15).
-725
Let w(o) = 89*o - 6860. Determine w(79).
171
Let y(b) = -2*b**3 - 47*b**2 - 250*b - 1437. Calculate y(-19).
64
Let n(s) = s**3 - 13*s**2 + 33044*s - 429615. Determine n(13).
-43
Let i(x) = -8*x**3 + 53*x**2 + 8*x - 155. Calculate i(9).
-1622
Let k(z) = -207*z**3 + 101*z**2 + 19*z - 25. Determine k(1).
-112
Let b(p) = -408*p**3 - 6122*p**2 - 52*p - 338. Give b(-15).
-8
Let j(w) = 9*w**2 - 179*w - 1852. What is j(-9)?
488
Let o(n) = -10299*n + 144323. Give o(14).
137
Let z(f) = 27666*f + 331987. Calculate z(-12).
-5
Let x(m) = 7266*m + 319800. What is x(-44)?
96
Let h(x) = -86*x + 812. Calculate h(4).
468
Let n(v) = -v**3 - 165*v**2 - 1838*v - 242. Determine n(-153).
64
Let j(w) = 5080*w + 86463. Determine j(-17).
103
Let h(x) = 2*x**3 + 49*x**2 + 319*x + 2767. What is h(-20)?
-13
Let z(d) = -37*d**2 - 414*d + 183. Give z(-12).
-177
Let v(l) = l**3 + 8*l**2 + 505*l + 6033. What is v(-12)?
-603
Let g(c) = 3062*c - 315388. Calculate g(103).
-2
Let s(b) = -b**3 + 190*b**2 + 1997*b - 278. Calculate s(-10).
-248
Let l(t) = 10*t**2 + 5969*t - 54532. Calculate l(9).
-1
Let k(d) = -7*d**2 - 1381*d - 11116. Determine k(-8).
-516
Let a(q) = 796*q + 3834. Determine a(-5).
-146
Let j(f) = -f**3 - 226*f**2 + 6278*f + 754. Give j(-251).
1
Let f(r) = -2091*r - 37675. Calculate f(-18).
-37
Let n(h) = 65*h**2 - 5066*h - 26910. Determine n(-5).
45
Let i(w) = 15678*w + 1050416. Determine i(-67).
-10
Let j(t) = 136*t**2 + 1741*t + 1280. Calculate j(-12).
-28
Let t(f) = 45*f**2 + 1281*f + 9073. Give t(-15).
-17
Let i(h) = 16*h**2 - 763*h - 1039. What is i(49)?
-10
Let d(a) = 3603*a + 619731. Determine d(-172).
15
Let q(n) = -n**3 - 142*n**2 - 137*n + 330. Calculate q(-141).
-234
Let o(x) = 4*x**2 + 633*x + 19332. Give o(-116).
-272
Let g(n) = 55*n**2 + 1648*n + 183. Give g(-30).
243
Let c(k) = -k**3 - 26*k**2 + 329*k + 7819. Give c(-27).
-335
Let h(j) = -5*j**3 + 434*j**2 + 71994*j - 509. Calculate h(171).
4
Let w(j) = 1062*j + 19146. What is w(-18)?
30
Let u(f) = f**3 - 382*f**2 - 3506*f + 114. Give u(-9).
-3
Let m(d) = -281*d + 4590. Calculate m(15).
375
Let x(d) = 7646*d - 7340149. What is x(960)?
11
Let j(g) = g**2 + 11679*g - 621812. What is j(53)?
-16
Let g(d) = -5*d**2 - 482*d - 10084. Give g(-71).
-1067
Let z(w) = 2*w**2 + 24*w - 240. Calculate z(-29).
746
Let h(w) = -w**3 - 7233*w**2 - 180195*w + 67. What is h(-25)?
-58
Let l(u) = -832*u - 15853. Determine l(-19).
-45
Let k(o) = -9*o**2 - 112*o - 737. Calculate k(-15).
-1082
Let b(x) = 4726*x**2 + 61431*x - 74. Calculate b(-13).
17
Let h(u) = -1256*u**2 + 35171*u - 56. What is h(28)?
28
Let x(t) = 5*t**2 + 128*t + 537. What is x(-23)?
238
Let w(j) = j**3 + 74*j**2 - 2210*j + 12302. Determine w(16).
-18
Let s(v) = v**3 - 74*v**2 - 3682*v + 1087. Calculate s(108).
7
Let k(m) = -m**3 - 79*m**2 - 2147*m + 22751. Give k(8).
7
Let n(x) = 61*x**3 + 22326*x**2 - x - 412. Determine n(-366).
-46
Let z(g) = 3*g**3 + 5*g + 14. Calculate z(-7).
-1050
Let x(n) = -2*n**3 + 81*n**2 - 779*n - 55. Calculate x(15).
-265
Let z(p) = -1948*p + 3590179. Calculate z(1843).
15
Let m(g) = -4*g**2 + 181*g + 608. What is m(49)?
-127
Let z(x) = 20*x**2 + 43*x - 255. Calculate z(4).
237
Let x(n) = n**2 + 444*n - 2711. Calculate x(6).
-11
Let k(h) = 2*h**3 - 212*h**2 - 160*h + 59942. Calculate k(104).
38
Let u(l) = -l**3 + 376*l**2 + 1518*l + 648. Calculate u(380).
-112
Let q(w) = 5*w**3 - 454*w**2 - 91*w + 505. Calculate q(91).
505
Let h(y) = 7*y**2 + 1776*y + 26193. Give h(-238).
13
Let t(p) = 556*p - 19653. What is t(36)?
363
Let n(c) = 63230*c - 316496. Determine n(5).
-346
Let w(l) = 45605*l - 1504971. Determine w(33).
-6
Let l(c) = 193708*c + 193721. Determine l(-1).
13
Let w(z) = 5*z**3 - 259*z**2 + 2238*z - 28. Determine w(11).
-94
Let n(i) = 5*i**2 + 7*i - 3343. Give n(25).
-43
Let y(l) = -l**3 - 137*l**2 - 4688*l + 287. Give y(-68).
15
Let x(m) = -m**2 - 16118*m - 80573. Calc